{"id":805,"date":"2022-07-26T12:10:24","date_gmt":"2022-07-26T12:10:24","guid":{"rendered":"http:\/\/logopaed.cz\/home\/?page_id=805"},"modified":"2025-08-22T10:57:59","modified_gmt":"2025-08-22T10:57:59","slug":"kontakt","status":"publish","type":"page","link":"https:\/\/logopaed.cz\/home\/kontakt\/","title":{"rendered":"Kontakt"},"content":{"rendered":"\n<h2 class=\"wp-block-heading\">Z\u00e1kladn\u00ed \u0161kola a Mate\u0159sk\u00e1 \u0161kola logopedick\u00e1 Olomouc<\/h2>\n\n\n\n<figure class=\"wp-block-table\"><table><tbody><tr><td><strong>adresa<\/strong><\/td><td>t\u0159\u00edda Svornosti 900\/37, 779&nbsp;00 Olomouc<\/td><\/tr><tr><td><strong>e-mail<\/strong><\/td><td><a href=\"mailto:skola@logopaed.cz\">skola@logopaed.cz<\/a><\/td><\/tr><tr><td><strong>telefon<\/strong><\/td><td><a href=\"tel:585158920\">585 158 950<\/a><br>770 106 644<\/td><\/tr><tr><td><strong>I\u010cO<\/strong><\/td><td>00601683<\/td><\/tr><tr><td><strong>fax<\/strong><\/td><td><a href=\"tel:585158938\">585 158 938<\/a><\/td><\/tr><tr><td><strong>Bankovn\u00ed spojen\u00ed<\/strong><\/td><td>7138811&nbsp;\/&nbsp;0100<br>Komer\u010dn\u00ed banka<\/td><\/tr><tr><td><strong>\u010d. datov\u00e9 schr\u00e1nky<\/strong><\/td><td><strong>vz4fdwq<\/strong><\/td><\/tr><\/tbody><\/table><\/figure>\n\n\n\n<figure class=\"wp-block-table\"><table><tbody><tr><td><strong>pozice<\/strong><\/td><td><strong>jm\u00e9no<\/strong><\/td><td><strong>telefon<\/strong><\/td><td><strong>e-mail<\/strong><\/td><\/tr><tr><td><strong>\u0159editelka \u0161koly<\/strong><\/td><td><strong>Mgr. Pavla Luk\u00e1\u010dov\u00e1&nbsp;<\/strong><\/td><td><a href=\"tel:585158921\">585 158 921<\/a><\/td><td>skola@logopaed.cz<\/td><\/tr><tr><td><strong>z\u00e1stupkyn\u011b \u0159editelky pro 2.st. Z\u0160L, \u0160D, intern\u00e1t<\/strong><\/td><td><strong>Mgr. Jana \u0160i\u0161kov\u00e1<\/strong><\/td><td><a href=\"tel:585158922\">585 158 922<\/a><\/td><td>siskova@logopaed.cz<\/td><\/tr><tr><td><strong><strong>z\u00e1stupkyn\u011b \u0159editelky pro M\u0160, 1. st<\/strong><\/strong> <strong>Z\u0160L<\/strong><\/td><td><strong>Mgr. Pavl\u00edna Gregorov\u00e1<\/strong><\/td><td><a href=\"tel:585158922\">585 158 920<\/a><\/td><td>gregorova@logopaed.cz<\/td><\/tr><tr><td><strong>z\u00e1stupkyn\u011b \u0159editelky pro Z\u0160 a M\u0160 p\u0159i FN<\/strong><\/td><td><strong>Mgr. Kate\u0159ina Kole\u010d\u00e1\u0159ov\u00e1<\/strong><\/td><td><strong>&nbsp;<\/strong><a href=\"tel:5585854444\">585 854 444<\/a><\/td><td>katerina.kolecarova@fnol.cz<\/td><\/tr><tr><td><strong>ekonom<\/strong><\/td><td><strong>Ing. Ivana Dost\u00e1lov\u00e1<\/strong><\/td><td>585 158 924<\/td><td>ekonom@logopaed.cz<\/td><\/tr><tr><td><strong>vedouc\u00ed \u0161koln\u00ed j\u00eddelny<\/strong><\/td><td><strong>Ing. Lenka Dosoudilov\u00e1<\/strong><\/td><td>775 884 159<\/td><td>jidelna@logopaed.cz<\/td><\/tr><\/tbody><\/table><\/figure>\n\n\n\n<h2 class=\"wp-block-heading\">Praxe student\u016f PdF UP<\/h2>\n\n\n\n<p><\/p>\n\n\n\n<h2 class=\"wp-block-heading\">Pracovi\u0161t\u011b<\/h2>\n\n\n\n<div class=\"wp-block-columns is-layout-flex wp-container-2\">\n<div class=\"wp-block-column is-layout-flow\">\n<figure class=\"wp-block-table\"><table><tbody><tr><td><strong>Z\u0160 Logopedick\u00e1<\/strong><\/td><td><a href=\"tel:585158940\">585&nbsp;158&nbsp;950<\/a><\/td><\/tr><tr><td><strong>M\u0160 Logopedick\u00e1<\/strong><\/td><td><a href=\"tel:585158940\">585&nbsp;158&nbsp;940<\/a><\/td><\/tr><tr><td><strong>Z\u0160 a M\u0160 p\u0159i FN Olomouc<\/strong><\/td><td><a href=\"tel:585854444\">585&nbsp;854&nbsp;444<\/a><\/td><\/tr><tr><td><strong>M\u0160 p\u0159i d\u011btsk\u00e9m stacion\u00e1\u0159i<\/strong><\/td><td><a href=\"tel:585411730\">585&nbsp;411&nbsp;730<\/a><\/td><\/tr><\/tbody><\/table><\/figure>\n<\/div>\n<\/div>\n\n\n\n<h2 class=\"wp-block-heading\">Podatelna<\/h2>\n\n\n\n<figure class=\"wp-block-table\"><table><tbody><tr><td><strong>Lokace<\/strong><\/td><td>budova A prvn\u00ed poschod\u00ed, kancel\u00e1\u0159 A201<\/td><\/tr><tr><td><strong>Otev\u00edrac\u00ed doba<\/strong><\/td><td>pond\u011bl\u00ed a st\u0159eda<br>8:00 h &#8211; 12:00 h<\/td><\/tr><tr><td><strong>Form\u00e1t<\/strong><\/td><td>PDF, DOC nebo DOCX<\/td><\/tr><\/tbody><\/table><\/figure>\n<div class=\"gsp_post_data\" data-post_type=\"page\" data-cat=\"\" data-modified=\"120\" data-title=\"Kontakt\" data-home=\"https:\/\/logopaed.cz\/home\"><\/div>","protected":false},"excerpt":{"rendered":"<p>Z\u00e1kladn\u00ed \u0161kola a Mate\u0159sk\u00e1 \u0161kola logopedick\u00e1 Olomouc adresa t\u0159\u00edda Svornosti 900\/37, 779&nbsp;00 Olomouc e-mail skola@logopaed.cz telefon 585 158 950770 106 644 I\u010cO 00601683 fax 585 158 938 Bankovn\u00ed spojen\u00ed 7138811&nbsp;\/&nbsp;0100Komer\u010dn\u00ed banka \u010d. datov\u00e9 schr\u00e1nky vz4fdwq pozice jm\u00e9no telefon e-mail \u0159editelka \u0161koly Mgr. Pavla Luk\u00e1\u010dov\u00e1&nbsp; 585 158 921 skola@logopaed.cz z\u00e1stupkyn\u011b \u0159editelky pro 2.st. Z\u0160L, \u0160D, intern\u00e1t Mgr. Jana \u0160i\u0161kov\u00e1 585 158 922 siskova@logopaed.cz z\u00e1stupkyn\u011b \u0159editelky pro M\u0160, 1. st Z\u0160L Mgr. Pavl\u00edna Gregorov\u00e1 585 158 920 gregorova@logopaed.cz z\u00e1stupkyn\u011b \u0159editelky pro Z\u0160 a M\u0160 p\u0159i FN Mgr. [&hellip;]<\/p>\n","protected":false},"author":3,"featured_media":0,"parent":0,"menu_order":0,"comment_status":"closed","ping_status":"closed","template":"","meta":[],"folder":[],"blog_post_layout_featured_media_urls":{"thumbnail":"","full":""},"categories_names":null,"comments_number":0,"_links":{"self":[{"href":"https:\/\/logopaed.cz\/home\/wp-json\/wp\/v2\/pages\/805"}],"collection":[{"href":"https:\/\/logopaed.cz\/home\/wp-json\/wp\/v2\/pages"}],"about":[{"href":"https:\/\/logopaed.cz\/home\/wp-json\/wp\/v2\/types\/page"}],"author":[{"embeddable":true,"href":"https:\/\/logopaed.cz\/home\/wp-json\/wp\/v2\/users\/3"}],"replies":[{"embeddable":true,"href":"https:\/\/logopaed.cz\/home\/wp-json\/wp\/v2\/comments?post=805"}],"version-history":[{"count":32,"href":"https:\/\/logopaed.cz\/home\/wp-json\/wp\/v2\/pages\/805\/revisions"}],"predecessor-version":[{"id":5648,"href":"https:\/\/logopaed.cz\/home\/wp-json\/wp\/v2\/pages\/805\/revisions\/5648"}],"wp:attachment":[{"href":"https:\/\/logopaed.cz\/home\/wp-json\/wp\/v2\/media?parent=805"}],"wp:term":[{"taxonomy":"folder","embeddable":true,"href":"https:\/\/logopaed.cz\/home\/wp-json\/wp\/v2\/folder?post=805"}],"curies":[{"name":"wp","href":"https:\/\/api.w.org\/{rel}","templated":true}]}}

<h2 class="wp-block-heading">Základní škola a Mateřská škola logopedická Olomouc</h2>



<figure class="wp-block-table"><table><tbody><tr><td><strong>adresa</strong></td><td>třída Svornosti 900/37, 779&nbsp;00 Olomouc</td></tr><tr><td><strong>e-mail</strong></td><td><a href="mailto:skola@logopaed.cz">skola@logopaed.cz</a></td></tr><tr><td><strong>telefon</strong></td><td><a href="tel:585158920">585 158 950</a><br>770 106 644</td></tr><tr><td><strong>IČO</strong></td><td>00601683</td></tr><tr><td><strong>fax</strong></td><td><a href="tel:585158938">585 158 938</a></td></tr><tr><td><strong>Bankovní spojení</strong></td><td>7138811&nbsp;/&nbsp;0100<br>Komerční banka</td></tr><tr><td><strong>č. datové schránky</strong></td><td><strong>vz4fdwq</strong></td></tr></tbody></table></figure>



<figure class="wp-block-table"><table><tbody><tr><td><strong>pozice</strong></td><td><strong>jméno</strong></td><td><strong>telefon</strong></td><td><strong>e-mail</strong></td></tr><tr><td><strong>ředitelka školy</strong></td><td><strong>Mgr. Pavla Lukáčová&nbsp;</strong></td><td><a href="tel:585158921">585 158 921</a></td><td>skola@logopaed.cz</td></tr><tr><td><strong>zástupkyně ředitelky pro 2.st. ZŠL, ŠD, internát</strong></td><td><strong>Mgr. Jana Šišková</strong></td><td><a href="tel:585158922">585 158 922</a></td><td>siskova@logopaed.cz</td></tr><tr><td><strong><strong>zástupkyně ředitelky pro MŠ, 1. st</strong></strong> <strong>ZŠL</strong></td><td><strong>Mgr. Pavlína Gregorová</strong></td><td><a href="tel:585158922">585 158 920</a></td><td>gregorova@logopaed.cz</td></tr><tr><td><strong>zástupkyně ředitelky pro ZŠ a MŠ při FN</strong></td><td><strong>Mgr. Kateřina Kolečářová</strong></td><td><strong>&nbsp;</strong><a href="tel:5585854444">585 854 444</a></td><td>katerina.kolecarova@fnol.cz</td></tr><tr><td><strong>ekonom</strong></td><td><strong>Ing. Ivana Dostálová</strong></td><td>585 158 924</td><td>ekonom@logopaed.cz</td></tr><tr><td><strong>vedoucí školní jídelny</strong></td><td><strong>Ing. Lenka Dosoudilová</strong></td><td>775 884 159</td><td>jidelna@logopaed.cz</td></tr></tbody></table></figure>



<h2 class="wp-block-heading">Praxe studentů PdF UP</h2>



<p></p>



<h2 class="wp-block-heading">Pracoviště</h2>



<div class="wp-block-columns is-layout-flex wp-container-2">
<div class="wp-block-column is-layout-flow">
<figure class="wp-block-table"><table><tbody><tr><td><strong>ZŠ Logopedická</strong></td><td><a href="tel:585158940">585&nbsp;158&nbsp;950</a></td></tr><tr><td><strong>MŠ Logopedická</strong></td><td><a href="tel:585158940">585&nbsp;158&nbsp;940</a></td></tr><tr><td><strong>ZŠ a MŠ při FN Olomouc</strong></td><td><a href="tel:585854444">585&nbsp;854&nbsp;444</a></td></tr><tr><td><strong>MŠ při dětském stacionáři</strong></td><td><a href="tel:585411730">585&nbsp;411&nbsp;730</a></td></tr></tbody></table></figure>
</div>
</div>



<h2 class="wp-block-heading">Podatelna</h2>



<figure class="wp-block-table"><table><tbody><tr><td><strong>Lokace</strong></td><td>budova A první poschodí, kancelář A201</td></tr><tr><td><strong>Otevírací doba</strong></td><td>pondělí a středa<br>8:00 h &#8211; 12:00 h</td></tr><tr><td><strong>Formát</strong></td><td>PDF, DOC nebo DOCX</td></tr></tbody></table></figure>
<div class="gsp_post_data" data-post_type="page" data-cat="" data-modified="120" data-title="Kontakt" data-home="https://logopaed.cz/home"></div>

<p>Základní škola a Mateřská škola logopedická Olomouc adresa třída Svornosti 900/37, 779&nbsp;00 Olomouc e-mail skola@logopaed.cz telefon 585 158 950770 106 644 IČO 00601683 fax 585 158 938 Bankovní spojení 7138811&nbsp;/&nbsp;0100Komerční banka č. datové schránky vz4fdwq pozice jméno telefon e-mail ředitelka školy Mgr. Pavla Lukáčová&nbsp; 585 158 921 skola@logopaed.cz zástupkyně ředitelky pro 2.st. ZŠL, ŠD, internát Mgr. Jana Šišková 585 158 922 siskova@logopaed.cz zástupkyně ředitelky pro MŠ, 1. st ZŠL Mgr. Pavlína Gregorová 585 158 920 gregorova@logopaed.cz zástupkyně ředitelky pro ZŠ a MŠ při FN Mgr. [&hellip;]</p>
