{"id":738,"date":"2022-07-26T07:58:03","date_gmt":"2022-07-26T07:58:03","guid":{"rendered":"http:\/\/logopaed.cz\/home\/?page_id=738"},"modified":"2022-11-08T12:39:17","modified_gmt":"2022-11-08T12:39:17","slug":"zs-fakultni-nemocnice","status":"publish","type":"page","link":"https:\/\/logopaed.cz\/home\/zs-fakultni-nemocnice\/","title":{"rendered":"Z\u0160 p\u0159i Fakultn\u00ed nemocnici Olomouc"},"content":{"rendered":"\n<p><strong>Z\u00e1kladn\u00ed \u0161kola p\u0159i Fakultn\u00ed nemocnici v Olomouci je \u0161kolsk\u00e1 instituce pro \u017e\u00e1ky se speci\u00e1ln\u00edmi vzd\u011bl\u00e1vac\u00edmi pot\u0159ebami. Hlavn\u00edm posl\u00e1n\u00edm \u0161koly je b\u00fdt sou\u010d\u00e1st\u00ed l\u00e9\u010debn\u00e9ho procesu \u017e\u00e1ka, kter\u00fd se po ukon\u010den\u00ed hospitalizace \u00fasp\u011b\u0161n\u011b za\u010dlen\u00ed do v\u00fdchovn\u011b-vzd\u011bl\u00e1vac\u00edho procesu ve sv\u00e9 kmenov\u00e9 \u0161kole. \u0160kola s\u00eddl\u00ed v budov\u011b D\u011btsk\u00e9 kliniky Fakultn\u00ed nemocnice v Olomouci.<\/strong><\/p>\n\n\n\n<div class=\"wp-block-media-text alignwide has-media-on-the-right is-stacked-on-mobile\" style=\"grid-template-columns:auto 39%\"><div class=\"wp-block-media-text__content\">\n<p>\u017d\u00e1ci jsou vyu\u010dov\u00e1ni a\u017e 20 hodin t\u00fddn\u011b. Do v\u00fduky jsou za\u0159azov\u00e1ny hospitalizovan\u00e9 d\u011bti na z\u00e1klad\u011b doporu\u010den\u00ed l\u00e9ka\u0159e. V\u00fduka prob\u00edh\u00e1 individu\u00e1ln\u00ed formou s p\u0159\u00edmou i samostatnou prac\u00ed u l\u016f\u017eka nebo hromadn\u011b ve t\u0159\u00edd\u00e1ch. Pedagog navazuje na u\u010divo kmenov\u00e9 \u0161koly.<\/p>\n\n\n\n<p>\u017d\u00e1ci&nbsp;<strong>kr\u00e1tkodob\u011b&nbsp;<\/strong>hospitalizovan\u00ed jsou vyu\u010dov\u00e1ni z\u00e1kladn\u00edm p\u0159edm\u011bt\u016fm \u2013 jazyk \u010desk\u00fd, matematika, ciz\u00ed jazyk, estetick\u00e1 v\u00fdchova (podle \u0160VP Z\u00e1kladn\u00ed \u0161kola a Mate\u0159sk\u00e1 \u0161kola p\u0159i FN Olomouc).<\/p>\n<\/div><figure class=\"wp-block-media-text__media\"><img decoding=\"async\" loading=\"lazy\" width=\"400\" height=\"300\" src=\"http:\/\/logopaed.cz\/\/data\/web\/virtuals\/29463\/virtual\/www\/domains\/logopaed.online\/wp-content\/uploads\/2022\/07\/interaktivni_tabule.jpg\" alt=\"\" class=\"wp-image-799 size-full\" srcset=\"https:\/\/logopaed.cz\/wp-content\/uploads\/2022\/07\/interaktivni_tabule.jpg 400w, https:\/\/logopaed.cz\/wp-content\/uploads\/2022\/07\/interaktivni_tabule-300x225.jpg 300w\" sizes=\"(max-width: 400px) 100vw, 400px\" \/><\/figure><\/div>\n\n\n\n<p>U&nbsp;<strong>dlouhodob\u011b&nbsp;<\/strong>hospitalizovan\u00fdch a vracej\u00edc\u00edch se \u017e\u00e1k\u016f vyhotovuje pedagog individu\u00e1ln\u00ed vzd\u011bl\u00e1vac\u00ed pl\u00e1ny pro v\u0161echny p\u0159edm\u011bty krom\u011b t\u011blesn\u00e9 v\u00fdchovy na z\u00e1klad\u011b pl\u00e1n\u016f kmenov\u00fdch \u0161kol. \u0160kola vyu\u010duje \u017e\u00e1ky&nbsp;podle dokument\u016f \u0160VP.<\/p>\n\n\n\n<p>Po ukon\u010den\u00ed dlouhodob\u011b hospitalizovan\u00e9ho \u017e\u00e1ka na\u0161e \u0161kola zas\u00edl\u00e1 na kmenovou \u0161kolu osobn\u00ed z\u00e1znam \u017e\u00e1ka s jeho v\u00fdchovn\u011b \u2013 vzd\u011bl\u00e1vac\u00edmi v\u00fdsledky. U dlouhodob\u011b hospitalizovan\u00fdch a vracej\u00edc\u00edch se \u017e\u00e1k\u016f je hodnocen\u00ed roz\u0161\u00ed\u0159eno o n\u00e1vrh na klasifikaci<\/p>\n\n\n\n<p>jednotliv\u00fdch p\u0159edm\u011bt\u016f.<\/p>\n\n\n\n<p>V sou\u010dasn\u00e9 dob\u011b se v\u00fduka soust\u0159e\u010fuje v\u011bt\u0161inou v budov\u011b D\u011btsk\u00e9 kliniky. Doch\u00e1z\u00edme na odd\u011blen\u00ed ko\u017en\u00ed, chirurgick\u00e9, plastick\u00e9 chirurgie, rehabilita\u010dn\u00ed.<\/p>\n\n\n\n<p>Zp\u016fsob vyu\u010dov\u00e1n\u00ed ve \u0161kole p\u0159i nemocnici se li\u0161\u00ed od v\u00fduky na z\u00e1kladn\u00edch \u0161kol\u00e1ch. Odv\u00edj\u00ed se dv\u011bma sm\u011bry:<\/p>\n\n\n\n<ul>\n<li><strong>sm\u011br psychoterapeutick\u00fd<\/strong>\n<ul>\n<li>citliv\u00fd, p\u0159\u00e1telsk\u00fd, motivuj\u00edc\u00ed p\u0159\u00edstup k situac\u00edm hospitalizovan\u00e9ho \u017e\u00e1ka<\/li>\n<\/ul>\n<\/li>\n<\/ul>\n\n\n\n<hr class=\"wp-block-separator has-alpha-channel-opacity is-style-wide\"\/>\n\n\n\n<ul>\n<li><strong>sm\u011br v\u00fdchovn\u011b \u2013 vzd\u011bl\u00e1vac\u00ed<\/strong>\n<ul>\n<li>motivuj\u00edc\u00ed \u017e\u00e1ka k dosa\u017een\u00ed lep\u0161\u00edch v\u00fdsled\u016f (individu\u00e1ln\u00ed zp\u016fsob v\u00fduky)<\/li>\n\n\n\n<li>navazuj\u00edc\u00ed na u\u010divo kmenov\u00e9 \u0161koly<\/li>\n\n\n\n<li>\u017e\u00e1k nemus\u00ed opakovat ro\u010dn\u00edk, vrac\u00ed se mezi spolu\u017e\u00e1ky<\/li>\n<\/ul>\n<\/li>\n<\/ul>\n\n\n\n<p>Zdravotn\u00ed stav d\u011bt\u00ed je pro n\u00e1s z\u00e1kladn\u00ed prioritou, kter\u00e1 ur\u010duje zp\u016fsob a mo\u017enosti v\u00fduky na \u0161kole p\u0159i nemocnici.<\/p>\n<div class=\"gsp_post_data\" data-post_type=\"page\" data-cat=\"\" data-modified=\"120\" data-title=\"Z\u0160 p\u0159i Fakultn\u00ed nemocnici Olomouc\" data-home=\"https:\/\/logopaed.cz\/home\"><\/div>","protected":false},"excerpt":{"rendered":"<p>Z\u00e1kladn\u00ed \u0161kola p\u0159i Fakultn\u00ed nemocnici v Olomouci je \u0161kolsk\u00e1 instituce pro \u017e\u00e1ky se speci\u00e1ln\u00edmi vzd\u011bl\u00e1vac\u00edmi pot\u0159ebami. Hlavn\u00edm posl\u00e1n\u00edm \u0161koly je b\u00fdt sou\u010d\u00e1st\u00ed l\u00e9\u010debn\u00e9ho procesu \u017e\u00e1ka, kter\u00fd se po ukon\u010den\u00ed hospitalizace \u00fasp\u011b\u0161n\u011b za\u010dlen\u00ed do v\u00fdchovn\u011b-vzd\u011bl\u00e1vac\u00edho procesu ve sv\u00e9 kmenov\u00e9 \u0161kole. \u0160kola s\u00eddl\u00ed v budov\u011b D\u011btsk\u00e9 kliniky Fakultn\u00ed nemocnice v Olomouci. \u017d\u00e1ci jsou vyu\u010dov\u00e1ni a\u017e 20 hodin t\u00fddn\u011b. Do v\u00fduky jsou za\u0159azov\u00e1ny hospitalizovan\u00e9 d\u011bti na z\u00e1klad\u011b doporu\u010den\u00ed l\u00e9ka\u0159e. V\u00fduka prob\u00edh\u00e1 individu\u00e1ln\u00ed formou s p\u0159\u00edmou i samostatnou prac\u00ed u l\u016f\u017eka nebo hromadn\u011b ve t\u0159\u00edd\u00e1ch. Pedagog navazuje na u\u010divo [&hellip;]<\/p>\n","protected":false},"author":3,"featured_media":0,"parent":0,"menu_order":0,"comment_status":"closed","ping_status":"closed","template":"","meta":[],"folder":[],"blog_post_layout_featured_media_urls":{"thumbnail":"","full":""},"categories_names":null,"comments_number":0,"_links":{"self":[{"href":"https:\/\/logopaed.cz\/home\/wp-json\/wp\/v2\/pages\/738"}],"collection":[{"href":"https:\/\/logopaed.cz\/home\/wp-json\/wp\/v2\/pages"}],"about":[{"href":"https:\/\/logopaed.cz\/home\/wp-json\/wp\/v2\/types\/page"}],"author":[{"embeddable":true,"href":"https:\/\/logopaed.cz\/home\/wp-json\/wp\/v2\/users\/3"}],"replies":[{"embeddable":true,"href":"https:\/\/logopaed.cz\/home\/wp-json\/wp\/v2\/comments?post=738"}],"version-history":[{"count":10,"href":"https:\/\/logopaed.cz\/home\/wp-json\/wp\/v2\/pages\/738\/revisions"}],"predecessor-version":[{"id":2219,"href":"https:\/\/logopaed.cz\/home\/wp-json\/wp\/v2\/pages\/738\/revisions\/2219"}],"wp:attachment":[{"href":"https:\/\/logopaed.cz\/home\/wp-json\/wp\/v2\/media?parent=738"}],"wp:term":[{"taxonomy":"folder","embeddable":true,"href":"https:\/\/logopaed.cz\/home\/wp-json\/wp\/v2\/folder?post=738"}],"curies":[{"name":"wp","href":"https:\/\/api.w.org\/{rel}","templated":true}]}}

ZŠ při Fakultní nemocnici Olomouc

<p><strong>Základní škola při Fakultní nemocnici v Olomouci je školská instituce pro žáky se speciálními vzdělávacími potřebami. Hlavním posláním školy je být součástí léčebného procesu žáka, který se po ukončení hospitalizace úspěšně začlení do výchovně-vzdělávacího procesu ve své kmenové škole. Škola sídlí v budově Dětské kliniky Fakultní nemocnice v Olomouci.</strong></p>



<div class="wp-block-media-text alignwide has-media-on-the-right is-stacked-on-mobile" style="grid-template-columns:auto 39%"><div class="wp-block-media-text__content">
<p>Žáci jsou vyučováni až 20 hodin týdně. Do výuky jsou zařazovány hospitalizované děti na základě doporučení lékaře. Výuka probíhá individuální formou s přímou i samostatnou prací u lůžka nebo hromadně ve třídách. Pedagog navazuje na učivo kmenové školy.</p>



<p>Žáci&nbsp;<strong>krátkodobě&nbsp;</strong>hospitalizovaní jsou vyučováni základním předmětům – jazyk český, matematika, cizí jazyk, estetická výchova (podle ŠVP Základní škola a Mateřská škola při FN Olomouc).</p>
</div><figure class="wp-block-media-text__media"><img decoding="async" loading="lazy" width="400" height="300" src="http://logopaed.cz//data/web/virtuals/29463/virtual/www/domains/logopaed.online/wp-content/uploads/2022/07/interaktivni_tabule.jpg" alt="" class="wp-image-799 size-full" srcset="https://logopaed.cz/wp-content/uploads/2022/07/interaktivni_tabule.jpg 400w, https://logopaed.cz/wp-content/uploads/2022/07/interaktivni_tabule-300x225.jpg 300w" sizes="(max-width: 400px) 100vw, 400px" /></figure></div>



<p>U&nbsp;<strong>dlouhodobě&nbsp;</strong>hospitalizovaných a vracejících se žáků vyhotovuje pedagog individuální vzdělávací plány pro všechny předměty kromě tělesné výchovy na základě plánů kmenových škol. Škola vyučuje žáky&nbsp;podle dokumentů ŠVP.</p>



<p>Po ukončení dlouhodobě hospitalizovaného žáka naše škola zasílá na kmenovou školu osobní záznam žáka s jeho výchovně – vzdělávacími výsledky. U dlouhodobě hospitalizovaných a vracejících se žáků je hodnocení rozšířeno o návrh na klasifikaci</p>



<p>jednotlivých předmětů.</p>



<p>V současné době se výuka soustřeďuje většinou v budově Dětské kliniky. Docházíme na oddělení kožní, chirurgické, plastické chirurgie, rehabilitační.</p>



<p>Způsob vyučování ve škole při nemocnici se liší od výuky na základních školách. Odvíjí se dvěma směry:</p>



<ul>
<li><strong>směr psychoterapeutický</strong>
<ul>
<li>citlivý, přátelský, motivující přístup k situacím hospitalizovaného žáka</li>
</ul>
</li>
</ul>



<hr class="wp-block-separator has-alpha-channel-opacity is-style-wide"/>



<ul>
<li><strong>směr výchovně – vzdělávací</strong>
<ul>
<li>motivující žáka k dosažení lepších výsledů (individuální způsob výuky)</li>



<li>navazující na učivo kmenové školy</li>



<li>žák nemusí opakovat ročník, vrací se mezi spolužáky</li>
</ul>
</li>
</ul>



<p>Zdravotní stav dětí je pro nás základní prioritou, která určuje způsob a možnosti výuky na škole při nemocnici.</p>
<div class="gsp_post_data" data-post_type="page" data-cat="" data-modified="120" data-title="ZŠ při Fakultní nemocnici Olomouc" data-home="https://logopaed.cz/home"></div>

<p>Základní škola při Fakultní nemocnici v Olomouci je školská instituce pro žáky se speciálními vzdělávacími potřebami. Hlavním posláním školy je být součástí léčebného procesu žáka, který se po ukončení hospitalizace úspěšně začlení do výchovně-vzdělávacího procesu ve své kmenové škole. Škola sídlí v budově Dětské kliniky Fakultní nemocnice v Olomouci. Žáci jsou vyučováni až 20 hodin týdně. Do výuky jsou zařazovány hospitalizované děti na základě doporučení lékaře. Výuka probíhá individuální formou s přímou i samostatnou prací u lůžka nebo hromadně ve třídách. Pedagog navazuje na učivo [&hellip;]</p>
