{"id":307,"date":"2022-04-02T14:07:05","date_gmt":"2022-04-02T14:07:05","guid":{"rendered":"http:\/\/logopaed.cz\/home\/?page_id=307"},"modified":"2022-12-09T15:10:46","modified_gmt":"2022-12-09T15:10:46","slug":"ochrana-osobnich-udaju","status":"publish","type":"page","link":"https:\/\/logopaed.cz\/home\/ochrana-osobnich-udaju\/","title":{"rendered":"Ochrana osobn\u00edch \u00fadaj\u016f"},"content":{"rendered":"\n<p>Z\u00e1kladn\u00ed \u0161kola a Mate\u0159sk\u00e1 \u0161kola logopedick\u00e1 Olomouc, t\u0159. Svornosti 900\/37, Nov\u00e1 Ulice, 779 00 Olomouc, I\u010c 00601683 (d\u00e1le jen \u201e\u0160kola\u201c), je p\u0159\u00edsp\u011bvkovou organizac\u00ed Olomouck\u00e9ho kraje, kter\u00fd je jej\u00edm z\u0159izovatelem. Hlavn\u00edm \u00fakolem je v\u00fdchova a vzd\u011bl\u00e1v\u00e1n\u00ed \u017e\u00e1k\u016f v p\u0159ed\u0161koln\u00edm a z\u00e1kladn\u00edm vzd\u011bl\u00e1v\u00e1n\u00ed.<\/p>\n\n\n\n<p>V r\u00e1mci zaji\u0161\u0165ov\u00e1n\u00ed sv\u00fdch \u010dinnost\u00ed prov\u00e1d\u00ed \u0160kola, kter\u00e1 je spr\u00e1vcem osobn\u00edch \u00fadaj\u016f, jejich zpracov\u00e1n\u00ed zejm\u00e9na pro tyto \u00fa\u010dely:<\/p>\n\n\n\n<ol type=\"a\">\n<li>zaji\u0161t\u011bn\u00ed p\u0159ed\u0161koln\u00edho a z\u00e1kladn\u00edho vzd\u011bl\u00e1v\u00e1n\u00ed,<\/li>\n\n\n\n<li>z\u00e1jmov\u00e9 vzd\u011bl\u00e1v\u00e1n\u00ed ve \u0161kole,<\/li>\n\n\n\n<li>p\u0159ij\u00edmac\u00ed \u0159\u00edzen\u00ed do M\u0160 a Z\u0160<\/li>\n<\/ol>\n\n\n\n<hr class=\"wp-block-separator has-text-color has-css-opacity has-background is-style-wide\" style=\"background-color:#eeeeee;color:#eeeeee\"\/>\n\n\n\n<h3 class=\"wp-block-heading\">Informace o zpracov\u00e1n\u00ed osobn\u00edch \u00fadaj\u016f<\/h3>\n\n\n\n<ol>\n<li>Pr\u00e1vn\u00edm z\u00e1kladem pro zpracov\u00e1n\u00ed osobn\u00edch \u00fadaj\u016f je podle \u010dl. 6. odst. 1 p\u00edsm. c) Na\u0159\u00edzen\u00ed EU 2016\/679 (GDPR) spln\u011bn\u00ed pr\u00e1vn\u00ed povinnosti, kter\u00e1 se na \u0160kolu vztahuje.<\/li>\n\n\n\n<li>Pro zaji\u0161t\u011bn\u00ed veden\u00ed dokumentace \u0161koly, v souladu s ustanoven\u00edm \u00a7 28 z\u00e1kona \u010d. 561\/2004 Sb., o p\u0159ed\u0161koln\u00edm, z\u00e1kladn\u00edm, st\u0159edn\u00edm, vy\u0161\u0161\u00edm odborn\u00e9m a jin\u00e9m vzd\u011bl\u00e1v\u00e1n\u00ed (\u0161kolsk\u00fd z\u00e1kon), ve zn\u011bn\u00ed pozd\u011bj\u0161\u00edch p\u0159edpis\u016f, zpracov\u00e1v\u00e1 \u0161kola o \u017e\u00e1c\u00edch n\u00e1sleduj\u00edc\u00ed typy \u00fadaj\u016f:\n<ul>\n<li><em>jm\u00e9no a p\u0159\u00edjmen\u00ed; rodn\u00e9 \u010d\u00edslo (pop\u0159\u00edpad\u011b datum narozen\u00ed, nebylo-li rodn\u00e9 \u010d\u00edslo d\u00edt\u011bti nebo \u017e\u00e1kovi p\u0159id\u011bleno); st\u00e1tn\u00ed ob\u010danstv\u00ed; m\u00edsto narozen\u00ed<\/em>;<\/li>\n\n\n\n<li><em>m\u00edsto trval\u00e9ho pobytu, pop\u0159\u00edpad\u011b m\u00edsto pobytu na \u00fazem\u00ed \u010cesk\u00e9 republiky podle druhu pobytu cizince nebo m\u00edsto pobytu v zahrani\u010d\u00ed, nepob\u00fdv\u00e1-li d\u00edt\u011b nebo \u017e\u00e1k na \u00fazem\u00ed \u010cesk\u00e9 republiky;<\/em><\/li>\n\n\n\n<li><em>\u00fadaje o p\u0159edchoz\u00edm vzd\u011bl\u00e1v\u00e1n\u00ed, v\u010detn\u011b dosa\u017een\u00e9ho stupn\u011b vzd\u011bl\u00e1n\u00ed; <\/em><\/li>\n\n\n\n<li><em>datum zah\u00e1jen\u00ed vzd\u011bl\u00e1v\u00e1n\u00ed ve \u0161kole;<\/em><\/li>\n\n\n\n<li><em>\u00fadaje o pr\u016fb\u011bhu<\/em><\/li>\n\n\n\n<li><em>a v\u00fdsledc\u00edch vzd\u011bl\u00e1v\u00e1n\u00ed ve \u0161kole;<\/em><\/li>\n\n\n\n<li><em>vyu\u010dovac\u00ed jazyk;<\/em><\/li>\n\n\n\n<li><em>\u00fadaje o znev\u00fdhodn\u011bn\u00ed \u017e\u00e1ka;<\/em><\/li>\n\n\n\n<li>\u00fadaje <em>o mimo\u0159\u00e1dn\u00e9m nad\u00e1n\u00ed \u017e\u00e1ka;<\/em><\/li>\n\n\n\n<li><em>\u00fadaje o podp\u016frn\u00fdch opat\u0159en\u00edch poskytovan\u00fdch \u017e\u00e1kovi \u0161kolou,<\/em> <em>a o z\u00e1v\u011brech vy\u0161et\u0159en\u00ed uveden\u00fdch v doporu\u010den\u00ed \u0161kolsk\u00e9ho poradensk\u00e9ho za\u0159\u00edzen\u00ed;<\/em><\/li>\n\n\n\n<li><em>\u00fadaje o zdravotn\u00ed zp\u016fsobilosti ke vzd\u011bl\u00e1v\u00e1n\u00ed a o zdravotn\u00edch obt\u00ed\u017e\u00edch, kter\u00e9 by mohly m\u00edt vliv<\/em> <em>na pr\u016fb\u011bh vzd\u011bl\u00e1v\u00e1n\u00ed<\/em>;<\/li>\n\n\n\n<li><em>datum ukon\u010den\u00ed vzd\u011bl\u00e1v\u00e1n\u00ed ve \u0161kole<\/em>.<\/li>\n<\/ul>\n<\/li>\n<\/ol>\n\n\n\n<ol start=\"3\">\n<li>V\u00fd\u0161e vymezen\u00e9 \u00fadaje se d\u00e1le v souladu s p\u0159\u00edslu\u0161n\u00fdmi pr\u00e1vn\u00edmi p\u0159edpisy mohou v n\u011bkter\u00fdch p\u0159\u00edpadech p\u0159ed\u00e1vat \u0161kolsk\u00e9mu poradensk\u00e9mu za\u0159\u00edzen\u00ed (nap\u0159. Pedagogicko-psychologick\u00e1 poradna), jinak pouze osob\u00e1m, kter\u00e9 sv\u016fj n\u00e1rok prok\u00e1\u017e\u00ed opr\u00e1vn\u011bn\u00edm stanoven\u00fdm \u0161kolsk\u00fdm z\u00e1konem nebo zvl\u00e1\u0161tn\u00edm z\u00e1konem (nap\u0159. M\u0160MT, \u010c\u0160I a dal\u0161\u00ed kontroln\u00ed org\u00e1ny, Policie \u010cR, soudy, OSPOD).<\/li>\n\n\n\n<li>Zpracov\u00e1n\u00ed osobn\u00edch \u00fadaj\u016f prob\u00edh\u00e1 pouze po nezbytnou dobu, kter\u00e1 je individu\u00e1ln\u00ed<br>pro jednotliv\u00e9 \u00fa\u010dely zpracov\u00e1n\u00ed. Po uplynut\u00ed t\u00e9to doby jsou osobn\u00ed \u00fadaje zlikvidov\u00e1ny nebo jsou d\u00e1le uchov\u00e1ny po dobu stanovenou platn\u00fdm Spisov\u00fdm a skarta\u010dn\u00edm pl\u00e1nem, vydan\u00fdm v souladu se z\u00e1konem \u010d. 499\/2004 Sb., o archivnictv\u00ed a spisov\u00e9 slu\u017eb\u011b.<\/li>\n\n\n\n<li>P\u0159i zpracov\u00e1n\u00ed osobn\u00edch \u00fadaj\u016f u \u0160koly nedoch\u00e1z\u00ed k automatizovan\u00e9mu rozhodov\u00e1n\u00ed,<br>na jeho\u017e z\u00e1klad\u011b by byly \u010din\u011bny \u00fakony \u010di rozhodnut\u00ed, jejich\u017e obsahem by byl z\u00e1sah do pr\u00e1v \u010di opr\u00e1vn\u011bn\u00fdch z\u00e1jm\u016f ob\u010dan\u016f.<\/li>\n\n\n\n<li>M\u00e1te pr\u00e1vo:\n<ol>\n<li>po\u017eadovat umo\u017en\u011bn\u00ed p\u0159\u00edstupu k osobn\u00edm \u00fadaj\u016fm d\u00edt\u011bte (\u017e\u00e1ka),<\/li>\n\n\n\n<li>po\u017eadovat opravu nep\u0159esn\u00fdch osobn\u00edch \u00fadaj\u016f (pokud se domn\u00edv\u00e1te, \u017ee osobn\u00ed \u00fadaje zpracov\u00e1van\u00e9 \u0160kolou jsou nep\u0159esn\u00e9),<\/li>\n\n\n\n<li>po\u017eadovat vymaz\u00e1n\u00ed osobn\u00edch \u00fadaj\u016f d\u00edt\u011bte nebo \u017e\u00e1ka, pop\u0159. po\u017eadovat omezen\u00ed jejich zpracov\u00e1n\u00ed,<\/li>\n\n\n\n<li>uplatnit pr\u00e1vo na p\u0159enositelnost \u00fadaj\u016f,<\/li>\n\n\n\n<li>vzn\u00e9st n\u00e1mitku proti zpracov\u00e1n\u00ed.<\/li>\n<\/ol>\n<\/li>\n<\/ol>\n\n\n\n<ol start=\"7\">\n<li>Va\u0161e po\u017eadavky budou v\u017edy \u0159\u00e1dn\u011b posouzeny a vypo\u0159\u00e1d\u00e1ny v souladu s p\u0159\u00edslu\u0161n\u00fdmi ustanoven\u00edmi obecn\u00e9ho na\u0159\u00edzen\u00ed o ochran\u011b osobn\u00edch \u00fadaj\u016f.<\/li>\n\n\n\n<li>Dozor v oblasti ochrany osobn\u00edch \u00fadaj\u016f vykon\u00e1v\u00e1 \u00da\u0159ad pro ochranu osobn\u00edch \u00fadaj\u016f (www.uoou.cz).<\/li>\n\n\n\n<li>Sv\u00e1 pr\u00e1va v\u016f\u010di \u0160kole uplat\u0148ujte cestou pov\u011b\u0159ence pro ochranu osobn\u00edch \u00fadaj\u016f.<\/li>\n<\/ol>\n\n\n\n<hr class=\"wp-block-separator has-text-color has-css-opacity has-background is-style-wide\" style=\"background-color:#eeeeee;color:#eeeeee\"\/>\n\n\n\n<h3 class=\"wp-block-heading\">Pov\u011b\u0159enec pro udr\u017eov\u00e1n\u00ed osobn\u00edch \u00fadaj\u016f<\/h3>\n\n\n\n<p><strong>Mgr. Petr N\u011bmec<\/strong><\/p>\n\n\n\n<p>Z\u00e1kladn\u00ed \u0161kola a Mate\u0159sk\u00e1 \u0161kola logopedick\u00e1 Olomouc, t\u0159. Svornosti 900\/37, Nov\u00e1 Ulice, 779 00 Olomouc<\/p>\n\n\n\n<figure class=\"wp-block-table\"><table><tbody><tr><td><strong>telefon<\/strong><\/td><td>775 018 799<\/td><\/tr><tr><td><strong>e-mail<\/strong><\/td><td>nemec@logopaed.cz<\/td><\/tr><\/tbody><\/table><\/figure>\n<div class=\"gsp_post_data\" data-post_type=\"page\" data-cat=\"\" data-modified=\"120\" data-title=\"Ochrana osobn\u00edch \u00fadaj\u016f\" data-home=\"https:\/\/logopaed.cz\/home\"><\/div>","protected":false},"excerpt":{"rendered":"<p>Z\u00e1kladn\u00ed \u0161kola a Mate\u0159sk\u00e1 \u0161kola logopedick\u00e1 Olomouc, t\u0159. Svornosti 900\/37, Nov\u00e1 Ulice, 779 00 Olomouc, I\u010c 00601683 (d\u00e1le jen \u201e\u0160kola\u201c), je p\u0159\u00edsp\u011bvkovou organizac\u00ed Olomouck\u00e9ho kraje, kter\u00fd je jej\u00edm z\u0159izovatelem. Hlavn\u00edm \u00fakolem je v\u00fdchova a vzd\u011bl\u00e1v\u00e1n\u00ed \u017e\u00e1k\u016f v p\u0159ed\u0161koln\u00edm a z\u00e1kladn\u00edm vzd\u011bl\u00e1v\u00e1n\u00ed. V r\u00e1mci zaji\u0161\u0165ov\u00e1n\u00ed sv\u00fdch \u010dinnost\u00ed prov\u00e1d\u00ed \u0160kola, kter\u00e1 je spr\u00e1vcem osobn\u00edch \u00fadaj\u016f, jejich zpracov\u00e1n\u00ed zejm\u00e9na pro tyto \u00fa\u010dely: Informace o zpracov\u00e1n\u00ed osobn\u00edch \u00fadaj\u016f Pov\u011b\u0159enec pro udr\u017eov\u00e1n\u00ed osobn\u00edch \u00fadaj\u016f Mgr. Petr N\u011bmec Z\u00e1kladn\u00ed \u0161kola a Mate\u0159sk\u00e1 \u0161kola logopedick\u00e1 Olomouc, t\u0159. Svornosti 900\/37, Nov\u00e1 Ulice, 779 [&hellip;]<\/p>\n","protected":false},"author":3,"featured_media":0,"parent":0,"menu_order":0,"comment_status":"closed","ping_status":"closed","template":"","meta":[],"folder":[],"blog_post_layout_featured_media_urls":{"thumbnail":"","full":""},"categories_names":null,"comments_number":0,"_links":{"self":[{"href":"https:\/\/logopaed.cz\/home\/wp-json\/wp\/v2\/pages\/307"}],"collection":[{"href":"https:\/\/logopaed.cz\/home\/wp-json\/wp\/v2\/pages"}],"about":[{"href":"https:\/\/logopaed.cz\/home\/wp-json\/wp\/v2\/types\/page"}],"author":[{"embeddable":true,"href":"https:\/\/logopaed.cz\/home\/wp-json\/wp\/v2\/users\/3"}],"replies":[{"embeddable":true,"href":"https:\/\/logopaed.cz\/home\/wp-json\/wp\/v2\/comments?post=307"}],"version-history":[{"count":10,"href":"https:\/\/logopaed.cz\/home\/wp-json\/wp\/v2\/pages\/307\/revisions"}],"predecessor-version":[{"id":2303,"href":"https:\/\/logopaed.cz\/home\/wp-json\/wp\/v2\/pages\/307\/revisions\/2303"}],"wp:attachment":[{"href":"https:\/\/logopaed.cz\/home\/wp-json\/wp\/v2\/media?parent=307"}],"wp:term":[{"taxonomy":"folder","embeddable":true,"href":"https:\/\/logopaed.cz\/home\/wp-json\/wp\/v2\/folder?post=307"}],"curies":[{"name":"wp","href":"https:\/\/api.w.org\/{rel}","templated":true}]}}