{"id":1480,"date":"2022-09-06T13:23:19","date_gmt":"2022-09-06T13:23:19","guid":{"rendered":"http:\/\/logopaed.cz\/home\/?page_id=1480"},"modified":"2023-10-06T11:05:04","modified_gmt":"2023-10-06T11:05:04","slug":"internat","status":"publish","type":"page","link":"https:\/\/logopaed.cz\/home\/internat\/","title":{"rendered":"Intern\u00e1t"},"content":{"rendered":"\n<p>Intern\u00e1t Z\u0160 a M\u0160 logopedick\u00e9 poskytuje ubytov\u00e1n\u00ed \u010d\u00e1sti na\u0161ich \u017e\u00e1k\u016f, kte\u0159\u00ed z&nbsp;r\u016fzn\u00fdch d\u016fvod\u016f nemohou do \u0161koly doch\u00e1zet denn\u011b. Provoz na intern\u00e1t\u011b organizujeme v&nbsp;t\u00fddenn\u00edm re\u017eimu. Mimot\u0159\u00eddn\u00ed v\u00fdchovn\u00e1 a vzd\u011bl\u00e1vac\u00ed \u010dinnost na\u0161ich \u017e\u00e1k\u016f ubytovan\u00fdch v&nbsp;intern\u00e1t\u011b \u0161koly prob\u00edh\u00e1 ve v\u00fdchovn\u00fdch skupin\u00e1ch. &nbsp;No\u010dn\u00ed slu\u017ebu zaji\u0161\u0165uje asistentka pedagoga. Obsahem \u010dinnost\u00ed v intern\u00e1t\u011b je p\u0159\u00edprava \u017e\u00e1k\u016f na&nbsp;vyu\u010dov\u00e1n\u00ed v\u010detn\u011b ILP, veden\u00ed z\u00e1jmov\u00fdch a&nbsp;rekrea\u010dn\u00edch zam\u011bstn\u00e1n\u00ed, zaji\u0161\u0165ov\u00e1n\u00ed hygienick\u00e9ho re\u017eimu apod.<\/p>\n<div class=\"gsp_post_data\" data-post_type=\"page\" data-cat=\"\" data-modified=\"120\" data-title=\"Intern\u00e1t\" data-home=\"https:\/\/logopaed.cz\/home\"><\/div>","protected":false},"excerpt":{"rendered":"<p>Intern\u00e1t Z\u0160 a M\u0160 logopedick\u00e9 poskytuje ubytov\u00e1n\u00ed \u010d\u00e1sti na\u0161ich \u017e\u00e1k\u016f, kte\u0159\u00ed z&nbsp;r\u016fzn\u00fdch d\u016fvod\u016f nemohou do \u0161koly doch\u00e1zet denn\u011b. Provoz na intern\u00e1t\u011b organizujeme v&nbsp;t\u00fddenn\u00edm re\u017eimu. Mimot\u0159\u00eddn\u00ed v\u00fdchovn\u00e1 a vzd\u011bl\u00e1vac\u00ed \u010dinnost na\u0161ich \u017e\u00e1k\u016f ubytovan\u00fdch v&nbsp;intern\u00e1t\u011b \u0161koly prob\u00edh\u00e1 ve v\u00fdchovn\u00fdch skupin\u00e1ch. &nbsp;No\u010dn\u00ed slu\u017ebu zaji\u0161\u0165uje asistentka pedagoga. Obsahem \u010dinnost\u00ed v intern\u00e1t\u011b je p\u0159\u00edprava \u017e\u00e1k\u016f na&nbsp;vyu\u010dov\u00e1n\u00ed v\u010detn\u011b ILP, veden\u00ed z\u00e1jmov\u00fdch a&nbsp;rekrea\u010dn\u00edch zam\u011bstn\u00e1n\u00ed, zaji\u0161\u0165ov\u00e1n\u00ed hygienick\u00e9ho re\u017eimu apod.<\/p>\n","protected":false},"author":3,"featured_media":0,"parent":0,"menu_order":0,"comment_status":"closed","ping_status":"closed","template":"","meta":[],"folder":[],"blog_post_layout_featured_media_urls":{"thumbnail":"","full":""},"categories_names":null,"comments_number":0,"_links":{"self":[{"href":"https:\/\/logopaed.cz\/home\/wp-json\/wp\/v2\/pages\/1480"}],"collection":[{"href":"https:\/\/logopaed.cz\/home\/wp-json\/wp\/v2\/pages"}],"about":[{"href":"https:\/\/logopaed.cz\/home\/wp-json\/wp\/v2\/types\/page"}],"author":[{"embeddable":true,"href":"https:\/\/logopaed.cz\/home\/wp-json\/wp\/v2\/users\/3"}],"replies":[{"embeddable":true,"href":"https:\/\/logopaed.cz\/home\/wp-json\/wp\/v2\/comments?post=1480"}],"version-history":[{"count":7,"href":"https:\/\/logopaed.cz\/home\/wp-json\/wp\/v2\/pages\/1480\/revisions"}],"predecessor-version":[{"id":3155,"href":"https:\/\/logopaed.cz\/home\/wp-json\/wp\/v2\/pages\/1480\/revisions\/3155"}],"wp:attachment":[{"href":"https:\/\/logopaed.cz\/home\/wp-json\/wp\/v2\/media?parent=1480"}],"wp:term":[{"taxonomy":"folder","embeddable":true,"href":"https:\/\/logopaed.cz\/home\/wp-json\/wp\/v2\/folder?post=1480"}],"curies":[{"name":"wp","href":"https:\/\/api.w.org\/{rel}","templated":true}]}}

Internát

<p>Internát ZŠ a MŠ logopedické poskytuje ubytování části našich žáků, kteří z&nbsp;různých důvodů nemohou do školy docházet denně. Provoz na internátě organizujeme v&nbsp;týdenním režimu. Mimotřídní výchovná a vzdělávací činnost našich žáků ubytovaných v&nbsp;internátě školy probíhá ve výchovných skupinách. &nbsp;Noční službu zajišťuje asistentka pedagoga. Obsahem činností v internátě je příprava žáků na&nbsp;vyučování včetně ILP, vedení zájmových a&nbsp;rekreačních zaměstnání, zajišťování hygienického režimu apod.</p>
<div class="gsp_post_data" data-post_type="page" data-cat="" data-modified="120" data-title="Internát" data-home="https://logopaed.cz/home"></div>

<p>Internát ZŠ a MŠ logopedické poskytuje ubytování části našich žáků, kteří z&nbsp;různých důvodů nemohou do školy docházet denně. Provoz na internátě organizujeme v&nbsp;týdenním režimu. Mimotřídní výchovná a vzdělávací činnost našich žáků ubytovaných v&nbsp;internátě školy probíhá ve výchovných skupinách. &nbsp;Noční službu zajišťuje asistentka pedagoga. Obsahem činností v internátě je příprava žáků na&nbsp;vyučování včetně ILP, vedení zájmových a&nbsp;rekreačních zaměstnání, zajišťování hygienického režimu apod.</p>
